{"id":138,"date":"2020-09-05T20:22:14","date_gmt":"2020-09-05T18:22:14","guid":{"rendered":"http:\/\/halenbeck-rohlsdorf.info\/?page_id=138"},"modified":"2020-09-05T20:26:00","modified_gmt":"2020-09-05T18:26:00","slug":"sigurt-gottschalk","status":"publish","type":"page","link":"http:\/\/halenbeck-rohlsdorf.info\/?page_id=138","title":{"rendered":"Sigurt Gottschalk"},"content":{"rendered":"\n<p>Wohnort: Br\u00fcgge<\/p>\n\n\n\n<p>Kontakt: siggo63@gmx.de<\/p>\n\n\n\n<p>Beruf: Notfallsanit\u00e4ter<\/p>\n\n\n\n<p>Gemeindevertreter seit 05\/2014 &nbsp;<\/p>\n\n\n\n<p>Was mir f\u00fcr Halenbeck-Rohlsdorf besonders wichtig ist:  hohe, komfortable, familienfreundliche Lebensquilit\u00e4t<\/p>\n\n\n\n<p>Was mir an Halenbeck-Rohlsdorf besonders gut gef\u00e4llt: die Ruhe zum Ausspannen, gute Anbindung an die Autobahn, die l\u00e4ndliche Gegend mit viel Natur<\/p>\n\n\n\n<p>Ideen\/W\u00fcnsche\/Visionen f\u00fcr Halenbeck-Rohlsdorf: Umweltschonende, naturerhaltende, moderne f\u00fcr alle Generationen attraktive Wohngegend<\/p>\n","protected":false},"excerpt":{"rendered":"<p>Wohnort: Br\u00fcgge Kontakt: siggo63@gmx.de Beruf: Notfallsanit\u00e4ter Gemeindevertreter seit 05\/2014 &nbsp; Was mir f\u00fcr Halenbeck-Rohlsdorf besonders wichtig ist: hohe, komfortable, familienfreundliche Lebensquilit\u00e4t Was mir an Halenbeck-Rohlsdorf besonders gut gef\u00e4llt: die Ruhe &hellip; <\/p>\n<p class=\"link-more\"><a href=\"http:\/\/halenbeck-rohlsdorf.info\/?page_id=138\" class=\"more-link\"><span class=\"screen-reader-text\">\u201eSigurt Gottschalk\u201c<\/span> weiterlesen<\/a><\/p>\n","protected":false},"author":2,"featured_media":0,"parent":15,"menu_order":1,"comment_status":"closed","ping_status":"closed","template":"","meta":{"_EventAllDay":false,"_EventTimezone":"","_EventStartDate":"","_EventEndDate":"","_EventStartDateUTC":"","_EventEndDateUTC":"","_EventShowMap":false,"_EventShowMapLink":false,"_EventURL":"","_EventCost":"","_EventCostDescription":"","_EventCurrencySymbol":"","_EventCurrencyPosition":"","_EventDateTimeSeparator":"","_EventTimeRangeSeparator":"","_EventOrganizerID":[],"_EventVenueID":0,"_OrganizerEmail":"","_OrganizerPhone":"","_OrganizerWebsite":"","_VenueAddress":"","_VenueCity":"","_VenueCountry":"","_VenueProvince":"","_VenueZip":"","_VenuePhone":"","_VenueURL":"","_VenueStateProvince":"","_VenueLat":"","_VenueLng":""},"_links":{"self":[{"href":"http:\/\/halenbeck-rohlsdorf.info\/index.php?rest_route=\/wp\/v2\/pages\/138"}],"collection":[{"href":"http:\/\/halenbeck-rohlsdorf.info\/index.php?rest_route=\/wp\/v2\/pages"}],"about":[{"href":"http:\/\/halenbeck-rohlsdorf.info\/index.php?rest_route=\/wp\/v2\/types\/page"}],"author":[{"embeddable":true,"href":"http:\/\/halenbeck-rohlsdorf.info\/index.php?rest_route=\/wp\/v2\/users\/2"}],"replies":[{"embeddable":true,"href":"http:\/\/halenbeck-rohlsdorf.info\/index.php?rest_route=%2Fwp%2Fv2%2Fcomments&post=138"}],"version-history":[{"count":3,"href":"http:\/\/halenbeck-rohlsdorf.info\/index.php?rest_route=\/wp\/v2\/pages\/138\/revisions"}],"predecessor-version":[{"id":143,"href":"http:\/\/halenbeck-rohlsdorf.info\/index.php?rest_route=\/wp\/v2\/pages\/138\/revisions\/143"}],"up":[{"embeddable":true,"href":"http:\/\/halenbeck-rohlsdorf.info\/index.php?rest_route=\/wp\/v2\/pages\/15"}],"wp:attachment":[{"href":"http:\/\/halenbeck-rohlsdorf.info\/index.php?rest_route=%2Fwp%2Fv2%2Fmedia&parent=138"}],"curies":[{"name":"wp","href":"https:\/\/api.w.org\/{rel}","templated":true}]}}